95 - 9209 = 0, 3*j - r = 12798. Is j prime?
False
Is (-419705)/(-143) - (1 - -11) prime?
False
Let g = -44 - -49. Suppose x = 4*x + g*u - 947, 2*u = x - 312. Is x composite?
True
Suppose -20*r + 3*r = -23783. Is r a composite number?
False
Suppose 0 = 4*c - 4 - 56. Suppose 5*b + 0 = -5*t + c, -3*b + 2*t = -9. Let n = b + 74. Is n prime?
False
Suppose -2*f + 2*a = a - 28150, -f - 2*a = -14085. Is f composite?
True
Let z(q) = -175*q - 12. Let j be 10/(-4)*(-9 + 11). Is z(j) a composite number?
False
Suppose p - 3 = -0. Let n be 13/4 - p/12. Suppose 2*x - 55 = -n*x. Is x a prime number?
True
Let k(v) be the third derivative of -5*v**4/12 + v**3/6 + 23*v**2. Is k(-25) a composite number?
False
Let b be (2/(-3))/((-1)/6). Suppose 5 = b*d - 3*d. Suppose u = d*u - 348. Is u a composite number?
True
Let c = -11404 + 16481. Is c prime?
True
Is 2916 + 2*2*(-15)/(-12) composite?
True
Let j = -851 - -1500. Is j prime?
False
Let w be (10/6)/((-1)/(-3)). Suppose 0 = 5*i - 16 - 4, 0 = c - w*i + 17. Is c*1*57/9 a prime number?
True
Let y(o) = -o**2 + 17*o + 3. Let i be y(5). Let q be (6/5)/((-9)/30). Is q/(-18) + 3451/i composite?
True
Suppose -2*r + 8 = 16. Let m(c) = -4*c**3 - 5*c**2 + 3*c - 1. Let b be m(r). Suppose b = -5*h + 438. Is h a prime number?
False
Suppose -3*i + 46 = a - 2*a, 5*i - 70 = -5*a. Suppose -i = -3*v + 3*c + 147, 3*c - 3 = 0. Is v a prime number?
False
Is (31978/4)/(4/((-56)/(-7))) a prime number?
False
Suppose 3*d - 26 = 4*n, -2*n + 21 = 3*d - 11. Suppose 6*z = d*z - 236. Is z a prime number?
True
Let i(c) = -5*c - 14. Let r be i(-4). Suppose 8*k - r*k = 1042. Is k prime?
True
Let t(y) = 727*y**2 + 2*y + 8. Let f be t(-3). Suppose 2*b = 4*p - 8708, -2*p + f = p + 2*b. Is p a prime number?
True
Let u = 14408 - -1771. Is u prime?
False
Let s be -12 + 10 - 1*-5. Suppose 0 = -0*q + s*q - c - 1043, -q = -2*c - 351. Is q a prime number?
True
Suppose 3*f - 4*b - 74995 = 0, 3*b + b - 25009 = -f. Is f prime?
False
Suppose -4*q = 2*g - 36, -3*g + 0*g = 2*q - 10. Is (-12075)/(-77) + (-1)/(q/(-2)) a prime number?
True
Let g = -125 + 103. Let x = g - -231. Is x a composite number?
True
Suppose -25*d + 31042 = -3*d. Is d a prime number?
False
Let m(l) = -l - 2. Let r(x) = x**2 + 8*x + 3. Let y be r(-6). Let q be m(y). Suppose -4*p - 4*b = -q*b - 943, 4*p + 5*b = 935. Is p prime?
False
Suppose 3*h + 33 = 6*h. Let r(t) = -62*t**2 - 9*t + 9. Let a(c) = -31*c**2 - 5*c + 5. Let l(q) = h*a(q) - 6*r(q). Is l(-2) a composite number?
False
Let k = -1 + -5. Is ((-1383)/k + -5)/(2/4) a prime number?
False
Let o = 7 + -3. Suppose -1 = -v - o, -2*h + 1306 = 4*v. Is h a prime number?
True
Suppose 3*c - 48 = -0*c. Suppose 4*i + 0 - c = 0. Is 1*19*(i - 3) prime?
True
Let m(k) = -k**3 + 17*k**2 - 11*k - 16. Let w be m(14). Let x = w + -25. Is x a prime number?
False
Suppose 7*f - 4*f = -36. Let l be ((-8)/f)/((-2)/(-6)). Suppose 5*o + l*d + 3*d - 1500 = 0, 0 = 2*o - d - 603. Is o a prime number?
False
Let z(m) = 136*m**2 - 14*m + 45. Let p be z(-13). Suppose -11*w = -2*w - p. Is w a prime number?
True
Suppose -30*v = -16*v - 4606. Is v prime?
False
Let u be 582/3 + -3 + 1. Suppose 3*x - 7*x = -460. Suppose s - x = u. Is s composite?
False
Let d(a) = -12*a**3 + a**2 - 21*a - 23. Is d(-7) prime?
True
Let q = 347106 + -231647. Is q a composite number?
False
Suppose -2*a - 3*a - 2 = -2*n, 5 = -5*a + 5*n. Suppose -3*l + 6*l - 3783 = a. Is l prime?
False
Let y be 1055/(1 + (-1)/2). Is y/(-1)*9/(-18) prime?
False
Suppose -32664 = -6*p + 2*p. Suppose s + p = 7*s. Is s a prime number?
True
Let u = -1116 + 2453. Is u a composite number?
True
Let d(w) = 0*w + 13*w + 4*w. Let q(t) = 7*t - 70. Let v be q(11). Is d(v) composite?
True
Suppose -3*u - 4*m + 44671 = 0, -5*m = 4*u - 39364 - 20198. Is u composite?
True
Suppose -12 = -i - m - 3*m, 0 = -2*m + 6. Suppose q + q - 314 = i. Is q a prime number?
True
Suppose -24*t + 38522 = 4946. Is t prime?
True
Is 2455*(-5 - -9)/4 composite?
True
Let k(a) be the second derivative of -1/3*a**3 - 1/2*a**2 + 3*a + 1/3*a**4 + 0. Is k(6) composite?
False
Let k(p) = p**2 - 3*p - 3. Let c be k(5). Is (0 + 59)/(-6 + c) a composite number?
False
Is (2 + 3/(-3))*187 prime?
False
Let s = -15415 - -25709. Is s prime?
False
Is 131055/(-2)*168/(-420) a prime number?
False
Suppose 0 = 41*v + 109578 - 334463. Is v a composite number?
True
Let n(p) = 581*p + 586. Is n(41) prime?
True
Suppose 0 = -24*f - 0*f + 46776. Is f prime?
True
Let n = -14 + 10. Let t(y) = y**2 + 4*y + 2. Let o be t(n). Suppose o*a - 326 = -l - a, -5*l + 1680 = 5*a. Is l a prime number?
False
Let f = -33 - -33. Let h be 2 + (2 - 0 - f). Suppose -o = -2*b + 171, 3*b = h*o - 15 + 274. Is b composite?
True
Let l(i) = -i**2 - 5*i + 6. Suppose 8 = -5*o - 22. Let b be l(o). Suppose 5*a - 101 = -4*z, b = -z - 1 - 0. Is a prime?
False
Let n = -25 + 41. Suppose 2*q = 12 - n. Is 3*548/12 - q prime?
True
Let a = -287 + 1072. Is a a composite number?
True
Let o(g) be the third derivative of g**5/60 + g**4/6 - 7*g**3/3 + 2*g**2. Let k be o(-7). Is (-331)/(-7) - 2/k a prime number?
True
Suppose 23 = 4*m - 13. Let w = 12 - m. Suppose -3*h = -w*q - 376 - 1865, -4*h + 3024 = 5*q. Is h prime?
True
Suppose -3*t - 2*c + 7 = -4, 14 = 3*t + 5*c. Suppose -t*v - 15 = -168. Suppose v - 2 = m. Is m prime?
False
Let u be ((-15)/(-6))/(-1)*(-24)/20. Suppose -3*n + 918 = -u*p, 778 - 162 = 2*n + 2*p. Is n composite?
False
Is ((-37241)/(-501))/(2/114) composite?
True
Let x be (-15)/10*-4*3/9. Is x/(409/(-556) - 3/(-4)) a prime number?
True
Let w = -2 - -10. Suppose -w*h + 7*h - 178 = 0. Is ((-10)/4)/5*h a prime number?
True
Let n(t) = t**3 + 30*t**2 - 9*t - 29. Is n(-14) prime?
False
Suppose 4*k = -16, -110991 = -5*s + k - 16372. Is s a composite number?
True
Let b be ((-15)/(-9))/((-2)/30). Let i = b - -40. Is i/(-10)*(-62)/3 a composite number?
False
Suppose 5*m + 0*m = 855. Suppose -1 = 7*j - 22. Suppose 5*t + 4*y = 70 + m, -j*y - 248 = -5*t. Is t a composite number?
True
Let r = -17 - -23. Suppose -3*z - r = 3*a, -31 = -2*a + 8*z - 3*z. Suppose -y - a*y = -172. Is y prime?
True
Let y be -20*1/(-4)*1. Suppose y*m + 788 = 2683. Is m prime?
True
Suppose -8418 = -9*t + 4173. Is t prime?
True
Suppose -4*y + 39245 = 9085. Suppose 5*i - i = 2*o + y, -4 = o. Is i a prime number?
False
Let u(c) = 934*c**2 - 3*c + 2. Let k be u(1). Is k/7 - 12/42 a prime number?
False
Suppose -4*d + o + 1181 = d, -1173 = -5*d + 3*o. Let m = -79 + d. Is m a prime number?
False
Suppose -f + 26 = 25*f. Suppose -4*v + 25692 = 4*p, -4*p = -10*v + 5*v + 32106. Is v/12 + f/(-6) composite?
True
Let s(g) = 8*g**3 - g**2 + 2*g - 1. Let m be s(2). Let t = 218 - m. Is t a composite number?
True
Suppose 72*h = 128*h - 49672. Is h prime?
True
Suppose -3*p - 4*o + 1746 = 0, 2*p - o - 4*o - 1164 = 0. Suppose 3*u - p = -3*u. Is u a composite number?
False
Let p = 89020 - 60671. Is p a prime number?
True
Suppose 3*z - z + 2*w = 14, -5*z + w + 5 = 0. Suppose -z*o + 1 = -13. Suppose o*q + 3*s = 2*q + 432, 3*s - 84 = -q. Is q a prime number?
False
Suppose -6*i + 0 + 30 = 0. Suppose 18545 = -i*r + 4100. Is 6/21 + r/(-7) a prime number?
False
Let f(q) = 9*q**2 + 43*q + 45. Is f(19) composite?
False
Let b = -25037 + 43876. Is b a prime number?
True
Let h(s) = -420*s - 25. Is h(-13) a prime number?
False
Suppose 39 = 4*t + 15. Is (-7 + t)*(-947 - 2) composite?
True
Let f = -36 - -39. Let a(r) = 52*r**2 + 10 - 6 - 3. Is a(f) composite?
True
Suppose 15*g + 5628 = 11*g. Let z = g - -1980. Is z prime?
False
Let l(d) = -d**2 - d - 4. Suppose 0*p = -p. Let y be l(p). Is 951/6 + y/(-8) a prime number?
False
Let x(p) be the third derivative of 1/60*p**5 + 0*p + 11/2*p**3 + 0 + 4*p**2 + 0*p**4. Is x(0) a composite number?
True
Let c = 1611 + 3556. Is c a prime number?
True
Let r = 178 + 33. Is r prime?
True
Let z = 3629 - 1852. Is z prime?
True
Let x = 10874 + -4841. Is x composite?
True
Suppose -r = -5, 5*w = -11*r + 13*r + 106015. Is w a prime number?
False
Let d = 2274 - -901. Is -2*(-3)/(-9) + d/15 composite?
False
Let d be ((-15)/30)/(2/(-20)). Suppose 0 = -5*a - 2*h + 28 + 183, -3*h = -d*a + 221. Is a a composite number?
False
Let k be 94/18 - 18/81. Suppose 0 = k*y - 46 + 1451. Let a = 472 + y. Is a a prime number?
True
Let s = -5 + 7. Suppose -s*p + 105 = -1